{"id":8,"date":"2017-12-12T16:39:29","date_gmt":"2017-12-12T16:39:29","guid":{"rendered":"http:\/\/vze-vogelzucht.de\/?page_id=8"},"modified":"2026-05-01T09:07:48","modified_gmt":"2026-05-01T07:07:48","slug":"startseite","status":"publish","type":"page","link":"https:\/\/vze-vogelzucht.de\/","title":{"rendered":"Startseite"},"content":{"rendered":"<p>Am 26. Oktober 1952 wurde der Grundstein f\u00fcr die Gr\u00fcndung der Vereinigung f\u00fcr Zucht und Erhaltung einheimischer und fremdl\u00e4ndischer V\u00f6gel e.V. gelegt. Die VZE setzt sich aktiv f\u00fcr den Naturschutz ein, insbesondere f\u00fcr den Artenschutz und den Erhalt der nat\u00fcrlichen Lebensr\u00e4ume der V\u00f6gel, pflegt damit die traditionelle Vogelhaltung als kulturelles Erbe unter den aktuellen Gesichtspunkten des Tier-, Natur- und Artenschutzes. Dr. Niels Mensing (Pr\u00e4sident der VZE)<\/p>\n<hr \/>\n<p><strong>Aktuelle Mitteilungen<\/strong><\/p>\n<hr \/>\n<p><span style=\"color: #008000;\">Bericht Prachtfinkenstammtisch Distrikt Mitte 12.04.2026<\/span>\u00a0<a href=\"https:\/\/vze-vogelzucht.de\/?p=8247\">weiter zum Beitrag<\/a><\/p>\n<hr \/>\n<p><span style=\"color: #800000;\">Einladung zur VZE Mitgliederversammlung am 16. Mai 2026 in 06502 Thale, Walpurgisstra\u00dfe 37 \/ Klubhaus<\/span> <a href=\"https:\/\/vze-vogelzucht.de\/wp-content\/uploads\/2026\/02\/Einladung_MV_Mai_2026.pdf\">weiter zur Einladung (PDF)<\/a><\/p>\n<hr \/>\n<p><span style=\"color: #008000;\">VZE f\u00fchrt WhatsApp-Community ein \u2013 Vernetzung leicht gemacht!<\/span> <a href=\"https:\/\/vze-vogelzucht.de\/?p=7784\">weiter zum Beitrag<\/a><\/p>\n<hr \/>\n<p><strong>Gesch\u00e4ftsstelle in eigener Sache<\/strong><\/p>\n<p><span style=\"color: #ff0000;\"><strong>ACHTUNG!<\/strong> Wir bitten alle Zuchtfreunde, die dem SEPA-Lastschriftverfahren zugestimmt haben, den Jahresbetrag f\u00fcr 2026 nicht einzuzahlen.<\/span> Der Jahresbetrag wird abgebucht (der Abbuchungstermin kann noch nicht genau benannt werden). F\u00fcr alle anderen Zuchtfreunde gilt, der Jahresbeitrag sollte bis 31.03.2026 \u00fcberwiesen werden (siehe Beitragsordnung \u2013 Jahrbuch Teil I von 2012 \u00a7 3 S. 18 \u2013 19)<\/p>\n<p><span style=\"color: #000000;\">Laut Mitgliederbeschluss zur Jahreshauptversammlung am 09.07.2022 \u00e4ndert sich der <\/span><br \/>\n<span style=\"color: #000000;\">Jahresbeitrag ab 2023 wie folgt:<\/span><\/p>\n<p>40,00 \u20ac alle Vereins- und Einzelmitglieder (der Betrag beinhaltet die Zeitschrift u. die Versandkosten)<br \/>\n15,00 \u20ac Jugendliche bis Vollendung 17. Lebensjahr<br \/>\n20,00 \u20ac f\u00fcr Familienmitglieder<br \/>\n10,00 \u20ac einmalig bei Neuaufnahme der Zuchtfreunde in den Verband der VZE<\/p>\n<p>Bei evtl. R\u00fcckfragen, bitte die Gesch\u00e4ftsstelle anrufen.<\/p>\n<p>M. Andreas (VZE-Gesch\u00e4ftsstelle)<\/p>\n<hr \/>\n<p><strong>Erstellung einer Vogeldatenbank der VZE <\/strong><\/p>\n<p>Hallo liebe VZE Mitglieder, hiermit m\u00f6chte ich mich noch einmal an Euch wenden, um an unserer <strong>Aktion der Datenerfassung Eures Tierbestands<\/strong> zu erinnern. Es haben sich bis jetzt schon einige Zuchtfreundinnen und Zuchtfreunde bei mir gemeldet und dar\u00fcber habe ich mich sehr gefreut. Um diese Aktion zu einem gro\u00dfen Erfolg werden zu lassen, bedarf es aber noch mehr Mithilfe von Eurer Seite aus. Also traut Euch und meldet Euch noch! Die Zuchtfreundinnen und Zuchtfreunde die an dieser Datenerfassung mitgewirkt haben, bekommen zum Abschluss der hoffentlich nur vorl\u00e4ufig ist, von mir den Datensatz ihrer Bestandstiere zugesendet. Es reicht, wenn Ihr mir nur die Tierart meldet, die Anzahl ist nicht erforderlich. Danke f\u00fcr euer Mitarbeit! Es gr\u00fc\u00dft Euch Eckhard Freitag<\/p>\n<p><a href=\"https:\/\/vze-vogelzucht.de\/wp-content\/uploads\/2020\/10\/VZE-Vogeldatenbank-Formular.pdf\" target=\"_blank\" rel=\"noopener noreferrer\">VZE-Vogeldatenbank-Formular<\/a> (PDF)\u00a0 oder <a href=\"https:\/\/vze-vogelzucht.de\/?page_id=4879\">online Formular ausf\u00fcllen<\/a><\/p>\n<hr \/>\n<p>ACHTUNG! Neue Regelung beim Kauf von Artenschutzringen des ZZF Wiesbaden<br \/>\n<span style=\"color: #000000;\">Wir m\u00f6chten alle Zuchtfreunde dar\u00fcber informieren, dass ab dem 01.01.2025 die Zusatzleistung \u201eper Nachnahme\u201c von der Deutschen Post nicht mehr angeboten wird. Alle Kunden die in der Vergangenheit \u201eper Nachnahme\u201c die Lieferung erhielten, k\u00f6nnen nun unter folgenden Zahlungsm\u00f6glichkeiten ausw\u00e4hlen: Sepa Lastschriftmandat (Bankeinzug), Vorkasse, Rechnung. <\/span><span style=\"color: #000000;\">Auch wurden die Preise f\u00fcr Fu\u00dfringe geringwertig um 0,05 Cent erh\u00f6ht. Wir bitten um Beachtung.<\/span><br \/>\n<span style=\"color: #000000;\">VZE-Gesch\u00e4ftsstelle<\/span><\/p>\n<hr \/>\n<p><span style=\"color: #000000;\">ACHTUNG! \u2013 f\u00fcr alle Zuchtfreunde die Kunststoffringe bei der Fa. Herr bestellen.<\/span><br \/>\n<span style=\"color: #000000;\">Leider hat sich der Fehlerteufel eingeschlichen. In der Ringgr\u00f6\u00dfe 4,4 mm sind die Kunststoffringe nicht verf\u00fcgbar!<\/span><\/p>\n<hr \/>\n<p><span class=\"s1\">Zur Zeit ist eine Bestellung von Ringen bei der Firma Stengel &amp; Sohn nicht per Internetportal m\u00f6glich! Alle Z\u00fcchter bitte die Ringbestellung an die E-Mailadresse <a href=\"mailto:bestellung@stengel-fussring.de\" target=\"_blank\" rel=\"noopener\"><span class=\"s2\">bestellung@stengel-fussring.de<\/span><\/a> schicken!<\/span><\/p>\n<hr \/>\n<p><a href=\"https:\/\/www.wittemolen.com\/de\" target=\"_blank\" rel=\"noopener noreferrer\"><img loading=\"lazy\" decoding=\"async\" class=\"alignnone wp-image-2164\" src=\"https:\/\/vze-vogelzucht.de\/wp-content\/uploads\/2018\/01\/witte-molen-logo-neu-jpg-2.jpg\" alt=\"\" width=\"221\" height=\"204\" srcset=\"https:\/\/vze-vogelzucht.de\/wp-content\/uploads\/2018\/01\/witte-molen-logo-neu-jpg-2.jpg 600w, https:\/\/vze-vogelzucht.de\/wp-content\/uploads\/2018\/01\/witte-molen-logo-neu-jpg-2-150x138.jpg 150w\" sizes=\"auto, (max-width: 221px) 100vw, 221px\" \/><\/a><\/p>\n<p>&nbsp;<\/p>\n<p><a href=\"https:\/\/www.rudloff.de\/\" target=\"_blank\" rel=\"noopener noreferrer\"><img loading=\"lazy\" decoding=\"async\" class=\"alignnone wp-image-7444\" src=\"https:\/\/vze-vogelzucht.de\/wp-content\/uploads\/2024\/10\/Rudloff_logo-jpg-600x390.jpg\" alt=\"\" width=\"265\" height=\"173\" srcset=\"https:\/\/vze-vogelzucht.de\/wp-content\/uploads\/2024\/10\/Rudloff_logo-jpg-600x390.jpg 600w, https:\/\/vze-vogelzucht.de\/wp-content\/uploads\/2024\/10\/Rudloff_logo-jpg-768x500.jpg 768w, https:\/\/vze-vogelzucht.de\/wp-content\/uploads\/2024\/10\/Rudloff_logo-jpg-150x98.jpg 150w, https:\/\/vze-vogelzucht.de\/wp-content\/uploads\/2024\/10\/Rudloff_logo-jpg.jpg 1024w\" sizes=\"auto, (max-width: 265px) 100vw, 265px\" \/><\/a><\/p>\n<p>&nbsp;<\/p>\n<p>&nbsp;<\/p>\n<p><a href=\"http:\/\/www.vogelringe.de\/\" target=\"_blank\" rel=\"noopener noreferrer\"><img loading=\"lazy\" decoding=\"async\" class=\"alignnone wp-image-2168 size-full\" src=\"https:\/\/vze-vogelzucht.de\/wp-content\/uploads\/2018\/01\/logo-vogelringe-hansherr-02-jpg.jpg\" alt=\"\" width=\"304\" height=\"96\" srcset=\"https:\/\/vze-vogelzucht.de\/wp-content\/uploads\/2018\/01\/logo-vogelringe-hansherr-02-jpg.jpg 304w, https:\/\/vze-vogelzucht.de\/wp-content\/uploads\/2018\/01\/logo-vogelringe-hansherr-02-jpg-150x47.jpg 150w\" sizes=\"auto, (max-width: 304px) 100vw, 304px\" \/><\/a><\/p>\n","protected":false},"excerpt":{"rendered":"<p>Am 26. Oktober 1952 wurde der Grundstein f\u00fcr die Gr\u00fcndung der Vereinigung f\u00fcr Zucht und Erhaltung einheimischer und fremdl\u00e4ndischer V\u00f6gel e.V. gelegt. Die VZE setzt sich aktiv f\u00fcr den Naturschutz ein, insbesondere f\u00fcr den Artenschutz und den Erhalt der nat\u00fcrlichen Lebensr\u00e4ume der V\u00f6gel, pflegt damit die traditionelle Vogelhaltung als kulturelles\u2026<\/p>\n<p class=\"continue-reading-button\"> <a class=\"continue-reading-link\" href=\"https:\/\/vze-vogelzucht.de\/\">wei\u00adter\u00adle\u00adsen<i class=\"crycon-right-dir\"><\/i><\/a><\/p>\n","protected":false},"author":2,"featured_media":0,"parent":0,"menu_order":1,"comment_status":"closed","ping_status":"closed","template":"","meta":{"footnotes":""},"class_list":["post-8","page","type-page","status-publish","hentry"],"jetpack-related-posts":[],"jetpack_sharing_enabled":true,"_links":{"self":[{"href":"https:\/\/vze-vogelzucht.de\/index.php?rest_route=\/wp\/v2\/pages\/8","targetHints":{"allow":["GET"]}}],"collection":[{"href":"https:\/\/vze-vogelzucht.de\/index.php?rest_route=\/wp\/v2\/pages"}],"about":[{"href":"https:\/\/vze-vogelzucht.de\/index.php?rest_route=\/wp\/v2\/types\/page"}],"author":[{"embeddable":true,"href":"https:\/\/vze-vogelzucht.de\/index.php?rest_route=\/wp\/v2\/users\/2"}],"replies":[{"embeddable":true,"href":"https:\/\/vze-vogelzucht.de\/index.php?rest_route=%2Fwp%2Fv2%2Fcomments&post=8"}],"version-history":[{"count":433,"href":"https:\/\/vze-vogelzucht.de\/index.php?rest_route=\/wp\/v2\/pages\/8\/revisions"}],"predecessor-version":[{"id":8267,"href":"https:\/\/vze-vogelzucht.de\/index.php?rest_route=\/wp\/v2\/pages\/8\/revisions\/8267"}],"wp:attachment":[{"href":"https:\/\/vze-vogelzucht.de\/index.php?rest_route=%2Fwp%2Fv2%2Fmedia&parent=8"}],"curies":[{"name":"wp","href":"https:\/\/api.w.org\/{rel}","templated":true}]}}