{"id":378,"date":"2017-12-14T09:21:09","date_gmt":"2017-12-14T09:21:09","guid":{"rendered":"http:\/\/vze-vogelzucht.de\/?page_id=378"},"modified":"2020-04-27T10:11:02","modified_gmt":"2020-04-27T08:11:02","slug":"standard-wellensittiche","status":"publish","type":"page","link":"https:\/\/vze-vogelzucht.de\/?page_id=378","title":{"rendered":"IG Standard-Wellensittiche"},"content":{"rendered":"<p><img loading=\"lazy\" decoding=\"async\" class=\"alignnone wp-image-899\" src=\"https:\/\/vze-vogelzucht.de\/wp-content\/uploads\/2017\/12\/ws_gruen_001.jpg\" alt=\"\" width=\"246\" height=\"335\" srcset=\"https:\/\/vze-vogelzucht.de\/wp-content\/uploads\/2017\/12\/ws_gruen_001.jpg 706w, https:\/\/vze-vogelzucht.de\/wp-content\/uploads\/2017\/12\/ws_gruen_001-220x300.jpg 220w, https:\/\/vze-vogelzucht.de\/wp-content\/uploads\/2017\/12\/ws_gruen_001-110x150.jpg 110w\" sizes=\"auto, (max-width: 246px) 100vw, 246px\" \/><\/p>\n<p><strong>IG Standard &#8211; Wellensittiche<\/strong><\/p>\n<p>Vorsitzender:<br \/>\nLothar Tasche<br \/>\nFischerstra\u00dfe 27<br \/>\n01945 Ruhland<br \/>\nE-Mail: <a href=\"mailto:TascheLothar@t-online.de\">TascheLothar@t-online.de<\/a><\/p>\n<hr \/>\n<p><span style=\"color: #ff0000;\">Die 24. Offene Jung- und Babyvogelschau Sachsen f\u00fcr Schau- und Farb-WS am 07.06.2020 f\u00e4llt aus!<\/span><\/p>\n<hr \/>\n<p><strong>Beitr\u00e4ge der\u00a0IG Standard-Wellensittiche<\/strong><\/p>\n<ul class=\"lcp_catlist\" id=\"lcp_instance_0\"><li><a href=\"https:\/\/vze-vogelzucht.de\/?p=4274\">Auswertung 62. VZE-Bundesmeisterschaft, VZE-Bundesausstellung, Landesmeisterschaft Sachsen-Anhalt 2019<\/a><\/li><li><a href=\"https:\/\/vze-vogelzucht.de\/?p=3511\">Auswertung 61. VZE-Bundesmeisterschaft IG SWS 2018<\/a><\/li><li><a href=\"https:\/\/vze-vogelzucht.de\/?p=2714\">IG SWS Jung- und Babyvogelbewertung 2018<\/a><\/li><li><a href=\"https:\/\/vze-vogelzucht.de\/?p=2420\">22. offene Jung- und Babyvogelschau Sachsen f\u00fcr Schau- und Farb-WS<\/a><\/li><li><a href=\"https:\/\/vze-vogelzucht.de\/?p=2250\">Meine Erfahrungen mit Hauben-Wellensittichen<\/a><\/li><li><a href=\"https:\/\/vze-vogelzucht.de\/?p=1961\">VZE-Bundesmeisterschaft Wellensittiche 2017<\/a><\/li><li><a href=\"https:\/\/vze-vogelzucht.de\/?p=1956\">5. offene WBO Weltschau in Ungarn, Budapest 2017, 10.-12. Nov. 2017<\/a><\/li><\/ul>\n","protected":false},"excerpt":{"rendered":"<p>IG Standard &#8211; Wellensittiche Vorsitzender: Lothar Tasche Fischerstra\u00dfe 27 01945 Ruhland E-Mail: TascheLothar@t-online.de Die 24. Offene Jung- und Babyvogelschau Sachsen f\u00fcr Schau- und Farb-WS am 07.06.2020 f\u00e4llt aus! Beitr\u00e4ge der\u00a0IG Standard-Wellensittiche<\/p>\n<p class=\"continue-reading-button\"> <a class=\"continue-reading-link\" href=\"https:\/\/vze-vogelzucht.de\/?page_id=378\">wei\u00adter\u00adle\u00adsen<i class=\"crycon-right-dir\"><\/i><\/a><\/p>\n","protected":false},"author":2,"featured_media":0,"parent":21,"menu_order":0,"comment_status":"closed","ping_status":"closed","template":"","meta":{"footnotes":""},"class_list":["post-378","page","type-page","status-publish","hentry"],"jetpack-related-posts":[],"jetpack_sharing_enabled":true,"_links":{"self":[{"href":"https:\/\/vze-vogelzucht.de\/index.php?rest_route=\/wp\/v2\/pages\/378","targetHints":{"allow":["GET"]}}],"collection":[{"href":"https:\/\/vze-vogelzucht.de\/index.php?rest_route=\/wp\/v2\/pages"}],"about":[{"href":"https:\/\/vze-vogelzucht.de\/index.php?rest_route=\/wp\/v2\/types\/page"}],"author":[{"embeddable":true,"href":"https:\/\/vze-vogelzucht.de\/index.php?rest_route=\/wp\/v2\/users\/2"}],"replies":[{"embeddable":true,"href":"https:\/\/vze-vogelzucht.de\/index.php?rest_route=%2Fwp%2Fv2%2Fcomments&post=378"}],"version-history":[{"count":1,"href":"https:\/\/vze-vogelzucht.de\/index.php?rest_route=\/wp\/v2\/pages\/378\/revisions"}],"predecessor-version":[{"id":4596,"href":"https:\/\/vze-vogelzucht.de\/index.php?rest_route=\/wp\/v2\/pages\/378\/revisions\/4596"}],"up":[{"embeddable":true,"href":"https:\/\/vze-vogelzucht.de\/index.php?rest_route=\/wp\/v2\/pages\/21"}],"wp:attachment":[{"href":"https:\/\/vze-vogelzucht.de\/index.php?rest_route=%2Fwp%2Fv2%2Fmedia&parent=378"}],"curies":[{"name":"wp","href":"https:\/\/api.w.org\/{rel}","templated":true}]}}