{"id":1836,"date":"2017-12-30T19:16:30","date_gmt":"2017-12-30T18:16:30","guid":{"rendered":"https:\/\/vze-vogelzucht.de\/?page_id=1836"},"modified":"2018-11-02T22:18:58","modified_gmt":"2018-11-02T21:18:58","slug":"vze-bei-facebook","status":"publish","type":"page","link":"https:\/\/vze-vogelzucht.de\/?page_id=1836","title":{"rendered":"VZE bei Facebook"},"content":{"rendered":"<p><a href=\"https:\/\/de-de.facebook.com\/VZE-eV-559414544179874\/\" target=\"_blank\" rel=\"noopener\"><img loading=\"lazy\" decoding=\"async\" class=\"alignnone wp-image-1837\" src=\"https:\/\/vze-vogelzucht.de\/wp-content\/uploads\/2017\/12\/FB-FindUsonFacebook-online-512_de_DE.png\" alt=\"\" width=\"313\" height=\"60\" srcset=\"https:\/\/vze-vogelzucht.de\/wp-content\/uploads\/2017\/12\/FB-FindUsonFacebook-online-512_de_DE.png 512w, https:\/\/vze-vogelzucht.de\/wp-content\/uploads\/2017\/12\/FB-FindUsonFacebook-online-512_de_DE-300x57.png 300w, https:\/\/vze-vogelzucht.de\/wp-content\/uploads\/2017\/12\/FB-FindUsonFacebook-online-512_de_DE-150x29.png 150w\" sizes=\"auto, (max-width: 313px) 100vw, 313px\" \/><\/a><\/p>\n<h5><strong><a href=\"https:\/\/de-de.facebook.com\/VZE-eV-559414544179874\/\" target=\"_blank\" rel=\"noopener\">weiter zu Facebook auf die Seite der VZE e.V.<\/a><\/strong><\/h5>\n<hr>\n<p>&nbsp;<\/p>\n<p><strong>Rechtlicher Hinweis zur Verlinkung auf die Facebook-Webseite<\/strong><\/p>\n<p>Auf unserer Website sind Verweise (Links) auf das externe soziale Netzwerk Facebook enthalten. Dieser Internetauftritt wird ausschlie\u00dflich von der Facebook Inc., 1601 S. California Ave, Palo Alto, CA 94304, USA (Facebook) betrieben. Die Verweise sind im Rahmen unseres Internetauftritts durch das Facebook Logo oder den Zusatz \u201eGef\u00e4llt mir\u201d kenntlich gemacht (es werden keine Facebook-Plugin genutzt).<\/p>\n<p>Zweck und Umfang der Datenerhebung durch Facebook sowie die dortige weitere Verarbeitung und Nutzung Ihrer Daten wie auch Ihre diesbez\u00fcglichen Rechte und Einstellungsm\u00f6glichkeiten zum Schutz Ihrer Privatssph\u00e4re entnehmen Sie bitte den <a href=\"https:\/\/www.facebook.com\/privacy\/explanation\" target=\"_blank\" rel=\"noopener\">Datenschutzhinweisen von Facebook<\/a>.<\/p>\n<p>Facebook Datenrichtlinie:&nbsp;<a href=\"https:\/\/de-de.facebook.com\/privacy\/explanation.php\" target=\"_blank\" rel=\"noopener\">https:\/\/de-de.facebook.com\/privacy\/explanation.php<\/a><\/p>\n","protected":false},"excerpt":{"rendered":"<p>weiter zu Facebook auf die Seite der VZE e.V. &nbsp; Rechtlicher Hinweis zur Verlinkung auf die Facebook-Webseite Auf unserer Website sind Verweise (Links) auf das externe soziale Netzwerk Facebook enthalten. Dieser Internetauftritt wird ausschlie\u00dflich von der Facebook Inc., 1601 S. California Ave, Palo Alto, CA 94304, USA (Facebook) betrieben. Die\u2026<\/p>\n<p class=\"continue-reading-button\"> <a class=\"continue-reading-link\" href=\"https:\/\/vze-vogelzucht.de\/?page_id=1836\">wei\u00adter\u00adle\u00adsen<i class=\"crycon-right-dir\"><\/i><\/a><\/p>\n","protected":false},"author":2,"featured_media":0,"parent":171,"menu_order":111,"comment_status":"closed","ping_status":"closed","template":"","meta":{"footnotes":""},"class_list":["post-1836","page","type-page","status-publish","hentry"],"jetpack-related-posts":[],"jetpack_sharing_enabled":true,"_links":{"self":[{"href":"https:\/\/vze-vogelzucht.de\/index.php?rest_route=\/wp\/v2\/pages\/1836","targetHints":{"allow":["GET"]}}],"collection":[{"href":"https:\/\/vze-vogelzucht.de\/index.php?rest_route=\/wp\/v2\/pages"}],"about":[{"href":"https:\/\/vze-vogelzucht.de\/index.php?rest_route=\/wp\/v2\/types\/page"}],"author":[{"embeddable":true,"href":"https:\/\/vze-vogelzucht.de\/index.php?rest_route=\/wp\/v2\/users\/2"}],"replies":[{"embeddable":true,"href":"https:\/\/vze-vogelzucht.de\/index.php?rest_route=%2Fwp%2Fv2%2Fcomments&post=1836"}],"version-history":[{"count":0,"href":"https:\/\/vze-vogelzucht.de\/index.php?rest_route=\/wp\/v2\/pages\/1836\/revisions"}],"up":[{"embeddable":true,"href":"https:\/\/vze-vogelzucht.de\/index.php?rest_route=\/wp\/v2\/pages\/171"}],"wp:attachment":[{"href":"https:\/\/vze-vogelzucht.de\/index.php?rest_route=%2Fwp%2Fv2%2Fmedia&parent=1836"}],"curies":[{"name":"wp","href":"https:\/\/api.w.org\/{rel}","templated":true}]}}