{"id":171,"date":"2017-12-13T11:39:28","date_gmt":"2017-12-13T11:39:28","guid":{"rendered":"http:\/\/vze-vogelzucht.de\/?page_id=171"},"modified":"2022-12-07T11:17:42","modified_gmt":"2022-12-07T10:17:42","slug":"vze","status":"publish","type":"page","link":"https:\/\/vze-vogelzucht.de\/?page_id=171","title":{"rendered":"VZE"},"content":{"rendered":"<div id=\"ccchildpages-1\" class=\"ccchildpages ccflex twocol simple ccclearfix\"><ul class=\"ccchildpages_list ccclearfix\"><li class=\"page_item page-item-567\"><a href=\"https:\/\/vze-vogelzucht.de\/?page_id=567\">Mitmachen statt meckern<\/a><\/li>\n<li class=\"page_item page-item-3564\"><a href=\"https:\/\/vze-vogelzucht.de\/?page_id=3564\">Aktuelles aus der Redaktion<\/a><\/li>\n<li class=\"page_item page-item-17\"><a href=\"https:\/\/vze-vogelzucht.de\/?page_id=17\">Pr\u00e4sidium, Gesch\u00e4ftsstelle, Redaktion<\/a><\/li>\n<li class=\"page_item page-item-38\"><a href=\"https:\/\/vze-vogelzucht.de\/?page_id=38\">Bundesausstellung, Bundesmeisterschaft<\/a><\/li>\n<li class=\"page_item page-item-3683 page_item_has_children\"><a href=\"https:\/\/vze-vogelzucht.de\/?page_id=3683\">LG, IG, Zuchtrichter<\/a><\/li>\n<li class=\"page_item page-item-25 page_item_has_children\"><a href=\"https:\/\/vze-vogelzucht.de\/?page_id=25\">Satzung, Ordnungen, Richtlinien<\/a><\/li>\n<li class=\"page_item page-item-27\"><a href=\"https:\/\/vze-vogelzucht.de\/?page_id=27\">Chronik<\/a><\/li>\n<li class=\"page_item page-item-36\"><a href=\"https:\/\/vze-vogelzucht.de\/?page_id=36\">Formulare<\/a><\/li>\n<li class=\"page_item page-item-4879\"><a href=\"https:\/\/vze-vogelzucht.de\/?page_id=4879\">Meldung Vogelbestand VZE-Vogeldatenbank<\/a><\/li>\n<li class=\"page_item page-item-1836\"><a href=\"https:\/\/vze-vogelzucht.de\/?page_id=1836\">VZE bei Facebook<\/a><\/li>\n<li class=\"page_item page-item-3420\"><a href=\"https:\/\/vze-vogelzucht.de\/?page_id=3420\">Information cites Pflicht (Anhang A bis D)<\/a><\/li>\n<li class=\"page_item page-item-624\"><a href=\"https:\/\/vze-vogelzucht.de\/?page_id=624\">Empfohlene Ringgr\u00f6\u00dfen<\/a><\/li><\/ul><\/div>\n<hr \/>\n<p><strong>Mitglied der VZE werden<\/strong><\/p>\n<p>Die VZE bietet allen Vogelliebhabern und Vogelz\u00fcchter, die Vogelzucht in Verantwortung f\u00fcr den Vogel und die Natur betreiben wollen, eine Heimat. Die VZE verbindet die Z\u00fcchter mit den Haltern, die ihre Pfleglinge als Haustier in der Wohnung halten.<\/p>\n<p><a href=\"https:\/\/vze-vogelzucht.de\/wp-content\/uploads\/2020\/07\/VZE-Mitgliedsantrag.pdf\" target=\"_blank\" rel=\"noopener noreferrer\">VZE-Mitgliedsantrag (PDF)<\/a><\/p>\n<p><a href=\"https:\/\/vze-vogelzucht.de\/?page_id=44\">Kontakt zur VZE-Gesch\u00e4ftsstelle<\/a><\/p>\n<hr \/>\n<p><span style=\"color: #ff0000;\"><strong>Jahresbeitrag ab 2023<\/strong><\/span><\/p>\n<p><span style=\"color: #ff0000;\">Laut Mitgliederbeschluss zur Jahreshauptversammlung am 09.07.2022 \u00e4ndert sich der<\/span><br \/>\n<span style=\"color: #ff0000;\">Jahresbeitrag ab 2023 wie folgt:<\/span><\/p>\n<p>40,00 \u20ac alle Vereins- und Einzelmitglieder (der Betrag beinhaltet die Zeitschrift u. die Versandkosten)<br \/>\n15,00 \u20ac Jugendliche bis Vollendung 17. Lebensjahr<br \/>\n20,00 \u20ac f\u00fcr Familienmitglieder<br \/>\n10,00 \u20ac einmalig bei Neuaufnahme der Zuchtfreunde in den Verband der VZE<\/p>\n<p>Bei evtl. R\u00fcckfragen, bitte die Gesch\u00e4ftsstelle anrufen.<\/p>\n<p>M. Andreas (VZE-Gesch\u00e4ftsstelle)<\/p>\n<p><a href=\"https:\/\/vze-vogelzucht.de\/?page_id=117\" target=\"_blank\" rel=\"noopener noreferrer\">weitere Informationen finden sie in der Beitragsordnung<\/a><\/p>\n<hr \/>\n<p><strong>1. Erwerb der Mitgliedschaft<\/strong><\/p>\n<p>Mitglied k\u00f6nnen vollj\u00e4hrige Personen sowie Institutionen werden, die die Satzung anerkennen und den Aufnahme- und Jahresbeitrag entrichten.<\/p>\n<p>Die Aufnahme von Personen ab dem vollendeten 14. Lebensjahr kann erfolgen, wenn die Zustimmung des \/ der Erziehungsberechtigten vorliegt.<\/p>\n<p>Die Aufnahme in die Vereinigung ist schriftlich bei der Gesch\u00e4ftsstelle zu beantragen. Die Mitgliedschaft wird wirksam mit der Best\u00e4tigung durch die Gesch\u00e4ftsstelle, die die Entrichtung des Aufnahmebeitrags zur Voraussetzung hat. Das Mitglied erh\u00e4lt einen Mitgliedsausweis.<\/p>\n<p>Die Aufnahme von Institutionen (Betriebe, Einrichtungen, Vereine, Organisationen u.a.) erfolgt durch Abschluss eines Vertrages mit der Gesch\u00e4ftsstelle. Der Abschluss des Vertrages bedarf der vorherigen Best\u00e4tigung durch das Pr\u00e4sidium.<\/p>\n<p><strong>2. Rechte der Mitglieder<\/strong><\/p>\n<p>Jedes Mitglied hat das Recht, Vorschl\u00e4ge zu unterbreiten, Antr\u00e4ge zu stellen, zu w\u00e4hlen, gew\u00e4hlt zu werden (bei Vollj\u00e4hrigkeit) und sich in allen Bereichen an der Arbeit der Vereinigung zu beteiligen.<\/p>\n<p><strong>3. Pflichten der Mitglieder<\/strong><\/p>\n<p>Die Mitglieder der Vereinigung haben die Pflicht, die in der Satzung fest- geschriebenen Ziele und Aufgaben zu unterst\u00fctzen und Mitgliedsbeitr\u00e4ge zu leisten. Jedes Mitglied hat die Pflicht, seinen vollst\u00e4ndigen Namen und die vollst\u00e4ndige Anschrift in der Gesch\u00e4ftsstelle zu hinterlegen sowie \u00c4nderungen derselben unverz\u00fcglich anzuzeigen.<\/p>\n<p>Rechte und Pflichten der beigetretenen Institutionen ergeben sich aus dem mit der Vereinigung abgeschlossenen Vertrag.<\/p>\n<p><strong>Mitgliedsbeitr\u00e4ge<\/strong><\/p>\n<p>Die Mitglieder entrichten einen einmaligen Aufnahmebeitrag und einen Mitgliedsbeitrag, der j\u00e4hrlich zu leisten ist. Seine H\u00f6he und weitere Regelungen hierzu sind in der Beitragsordnung festgelegt.<\/p>\n<p>Deutsche Bank 24 Leipzig<br \/>\nKonto-Nr. 321 482 200,<br \/>\nBLZ 860 700 24,<br \/>\nIBAN: DE50 8607 0024 0321 4822 00<br \/>\nBIC: DEUTDEDBLEG<\/p>\n<p><strong>Leistungen f\u00fcr Mitglieder<\/strong><\/p>\n<p>Die Vereinigung garantiert den Mitgliedern folgende Leistungen:<\/p>\n<ul>\n<li>kostenlose Bereitstellung der Zeitschrift VZE Vogelwelt<\/li>\n<li>Belieferung mit amtlich zugelassenen Kennzeichen f\u00fcr V\u00f6gel aller Arten<\/li>\n<li>kostenlose Ausleihe von Fachvortr\u00e4gen und Bildmaterial f\u00fcr Fortbildungszwecke durch eine Leitstelle<\/li>\n<li>Herausgabe eines Jahrbuchs in zeitloser Folge<\/li>\n<li>Vertretung der Interessen der Mitglieder in der \u00d6ffentlichkeit<\/li>\n<\/ul>\n","protected":false},"excerpt":{"rendered":"<p>Mitglied der VZE werden Die VZE bietet allen Vogelliebhabern und Vogelz\u00fcchter, die Vogelzucht in Verantwortung f\u00fcr den Vogel und die Natur betreiben wollen, eine Heimat. Die VZE verbindet die Z\u00fcchter mit den Haltern, die ihre Pfleglinge als Haustier in der Wohnung halten. VZE-Mitgliedsantrag (PDF) Kontakt zur VZE-Gesch\u00e4ftsstelle Jahresbeitrag ab 2023\u2026<\/p>\n<p class=\"continue-reading-button\"> <a class=\"continue-reading-link\" href=\"https:\/\/vze-vogelzucht.de\/?page_id=171\">wei\u00adter\u00adle\u00adsen<i class=\"crycon-right-dir\"><\/i><\/a><\/p>\n","protected":false},"author":2,"featured_media":0,"parent":0,"menu_order":3,"comment_status":"closed","ping_status":"closed","template":"","meta":{"footnotes":""},"class_list":["post-171","page","type-page","status-publish","hentry"],"jetpack-related-posts":[],"jetpack_sharing_enabled":true,"_links":{"self":[{"href":"https:\/\/vze-vogelzucht.de\/index.php?rest_route=\/wp\/v2\/pages\/171","targetHints":{"allow":["GET"]}}],"collection":[{"href":"https:\/\/vze-vogelzucht.de\/index.php?rest_route=\/wp\/v2\/pages"}],"about":[{"href":"https:\/\/vze-vogelzucht.de\/index.php?rest_route=\/wp\/v2\/types\/page"}],"author":[{"embeddable":true,"href":"https:\/\/vze-vogelzucht.de\/index.php?rest_route=\/wp\/v2\/users\/2"}],"replies":[{"embeddable":true,"href":"https:\/\/vze-vogelzucht.de\/index.php?rest_route=%2Fwp%2Fv2%2Fcomments&post=171"}],"version-history":[{"count":16,"href":"https:\/\/vze-vogelzucht.de\/index.php?rest_route=\/wp\/v2\/pages\/171\/revisions"}],"predecessor-version":[{"id":6510,"href":"https:\/\/vze-vogelzucht.de\/index.php?rest_route=\/wp\/v2\/pages\/171\/revisions\/6510"}],"wp:attachment":[{"href":"https:\/\/vze-vogelzucht.de\/index.php?rest_route=%2Fwp%2Fv2%2Fmedia&parent=171"}],"curies":[{"name":"wp","href":"https:\/\/api.w.org\/{rel}","templated":true}]}}